(k) + l(k). Let s be (-4)/10 - (-640)/100. Give n(s).
-1
Let j(m) = 6*m - 12. Let y be (-4)/6 + (-21)/9. Suppose 3 = n - 2. Let d(t) = 3*t - 6. Let s(p) = n*d(p) + y*j(p). Calculate s(4).
-6
Let p(j) be the third derivative of j**5/60 - j**3/3 - j**2. Suppose 0 = 4*x + m - 88, -x + 25 = 4*m - 3*m. Suppose x*r = 25*r - 8. Determine p(r).
2
Suppose 5*h - 1 = -2*k, h + 2*h + 5*k = -7. Let g = -1 + h. Let v(y) = -y**3 - y + 2. What is v(g)?
2
Suppose -2*a + g + 6 = 0, -2*a + 2*g - 5*g + 14 = 0. Suppose 6*b - 8 = a*b. Let k(v) = -v - 5. Calculate k(b).
-9
Let p be ((-18)/8)/(4/16). Let x = p + 5. Let g(u) = -u**2 - 4*u + 3. Calculate g(x).
3
Let n(j) = j**2 - 6*j - 3. Let u be (20/(-8))/(1/(-2)). Calculate n(u).
-8
Let v = -86 + 87. Let c(y) = -6*y. Determine c(v).
-6
Let u(q) = 11*q**2 + 21*q - 19. Let w(b) = -5*b**2 - 10*b + 9. Let s(y) = 4*u(y) + 9*w(y). Give s(-6).
5
Let n(b) = 7*b**2 + 19*b + 21. Let w(m) = -4*m**2 - 10*m - 11. Let c(t) = -3*n(t) - 5*w(t). Determine c(-6).
-2
Let o(l) = -29*l - 27. Let q(c) = 19*c + 18. Let f(x) = -5*o(x) - 8*q(x). Let b(v) = 11*v + 14. Let h(m) = -5*b(m) - 8*f(m). Determine h(-7).
-5
Suppose 0*k + 24 = 4*k. Let x be (-8)/12 - (-16)/k. Suppose x = -r - w + 5, -5*w + 8 = -2*r. Let t(i) = -9*i**2 + i - 1. What is t(r)?
-9
Let t(g) = 6*g - 5. Let w(r) = r + 1. Let q(n) = -t(n) + 5*w(n). Give q(0).
10
Suppose -3*m + 3*w = 0, 6*m + 7 = m - 2*w. Let z be 2 + 0 - (m - 3). Let k(r) be the second derivative of r**3/6 - 7*r**2/2 - 2*r. Calculate k(z).
-1
Let f(j) = -j**2 - j + 1. Let o = -23 + 20. Calculate f(o).
-5
Let w(j) = 0 + 0 + j. Let h = -4 + 1. Let r = h - -3. Determine w(r).
0
Let g(q) = 6*q + 14. Let a(h) = 11*h + 14. Let r(o) = -6*o - 7. Let n(p) = -3*a(p) - 5*r(p). Let l(b) = 6*g(b) + 13*n(b). Determine l(-6).
11
Let y(r) = r**3 + 0 - 2*r**3 + 0*r**3 + 3*r - 3. Calculate y(2).
-5
Suppose -w - b + 4 = w, 0 = 4*w - b - 20. Suppose 2*c - r = 7*c + 14, -w*c - 10 = 2*r. Let s(q) = q**2 + 3*q. What is s(c)?
0
Suppose -a + 3*x = 2*a - 21, -x + 1 = a. Let c(m) = -m**2 + 3*m - 2. Give c(a).
-6
Suppose -s - 23 = -3*t - 0*t, -2*s = 2*t - 18. Suppose -w - 3*w = t. Let q(n) = -n**3 + 2*n + 3. Give q(w).
7
Let t(s) = s**2 - 3 - 2*s + 6 - 6. Determine t(-2).
5
Let x(k) = -k - 1. Let u be 6*2 + (-2 - -5). Suppose 5*p + u + 10 = 0. Give x(p).
4
Let a be (-10)/(-6) - 1/(-3). Let l = a + -3. Let w(s) be the third derivative of -s**6/60 - s**5/60 + s**3/6 - 36*s**2. Calculate w(l).
2
Suppose -3*x - 1 + 10 = 0. Let t(j) = j**2 - 3*j + 2. Give t(x).
2
Suppose -3*t = 2*t + 50. Let q = 16 + t. Let f(y) = -4*y - 10. Let l(a) = a + 3. Let u(r) = -2*f(r) - 7*l(r). Calculate u(q).
5
Let w(x) = 4 + 6*x + 0*x - 4*x - 13. Determine w(6).
3
Let x(y) = 4*y**2 - y. Let t(i) = -i + 2. Let h be t(3). Calculate x(h).
5
Let z(i) = i**3 + 3*i**3 - 3*i**3 - 9. Let l be (-10)/45 - (-2)/9. What is z(l)?
-9
Let q = -3 - -2. Let g be 3 + -12 - -3 - q. Let f(v) = -3*v - 5. Give f(g).
10
Let p(v) = -7*v**2 + 11*v - 13. Let f(x) = 4*x**2 - 5*x + 6. Let w(g) = 13*f(g) + 6*p(g). Give w(1).
11
Suppose -w = 3*w - 8. Let g(b) = -3 - w + 5*b**2 - b + 4. What is g(-1)?
5
Let y(l) = l**2 + 3*l - 3. Let v be y(-4). Suppose r + 3*r = 8. Let q(x) = 0 - x**2 - 2*x**3 - 2 + r. Determine q(v).
-3
Let z(s) = -s + 83 + s**2 + 2*s**2 - 86 - 2*s**2. Calculate z(-3).
9
Let t(m) be the first derivative of 3*m**2/2 - 1. Give t(2).
6
Let j(v) be the first derivative of v**2/2 + 14*v + 2. Let l be j(-12). Let r(k) = k**2 + 0*k + 0*k + 1. Calculate r(l).
5
Let u(v) be the first derivative of v**5/120 + v**4/24 + 4*v**3/3 - 9. Let a(l) be the third derivative of u(l). Determine a(-6).
-5
Let q(k) be the first derivative of 5*k**2/2 - 5*k + 7. What is q(4)?
15
Let o(a) be the first derivative of a**2/2 - 7*a - 6. Suppose -7 = 3*i - 1. Let n be (-1)/(1/i) - -2. Determine o(n).
-3
Let x(o) be the third derivative of o**4/24 - 2*o**3 - 26*o**2. Determine x(7).
-5
Let v(i) be the second derivative of -i**5/20 + 3*i**4/4 - 7*i**3/6 - 5*i**2/2 + 10*i. Let l be v(8). Let u(g) = -g**3 + 4*g**2 - 4*g. Determine u(l).
-3
Let o(a) = -a**2 - 6 + 3*a + 8 + 2*a. What is o(3)?
8
Let f(k) = -k. Let v(r) be the first derivative of r**2/2 + 2*r + 3. Let y be v(2). Calculate f(y).
-4
Let d be 39/26*8/(-6). Let a(z) = z**2 - 2. What is a(d)?
2
Let x(h) = h**2 - h - 8. Let n(r) = r**3 + 2*r**2 - 2*r - 2. Let k be n(-2). Let b = k + -2. Calculate x(b).
-8
Let t(y) = 15*y**3 + 9*y**2 - 4*y + 2. Let j(c) = -7*c**3 - 4*c**2 + 2*c - 1. Let a(m) = 9*j(m) + 4*t(m). Give a(1).
-2
Let m(c) = c**3 - 7*c**2 + c - 7. Let i(y) = -y**3 + 6*y**2 + 6. Let o(a) = 4*i(a) + 3*m(a). Calculate o(4).
-1
Suppose 15 = 3*n - 0*n. Let j(q) = -2*q - n + q + 1 - 3. Calculate j(-6).
-1
Let o(d) = d + 5. Let l(p) = -p**3 + 7*p**2 + 4*p + 27. Let z be l(8). Determine o(z).
0
Suppose -5*h - 4 = k + 13, 4 = -2*k. Let l(d) = 2*d**2 + 2*d - 4. Calculate l(h).
8
Let o(l) be the first derivative of -2 + 3*l**2 + 3 - 3 - l**2. Let k be o(-1). Let m(x) = 2*x + 5. Determine m(k).
-3
Let l(g) = g - 1. Let w be l(4). Let s(z) = w*z + 2*z**3 + 3 - z**3 - z**3 - z**3. Let u be ((-1)/3)/(1/6). Give s(u).
5
Let l(o) be the second derivative of -3*o**4/4 + o**3/6 + 3*o + 6. Determine l(-1).
-10
Let k(b) = -2*b**3 - b**2 + 2*b. Suppose 0 = -3*f - f + 8. Give k(f).
-16
Let g(p) be the second derivative of p**3/3 - 3*p**2 + 5*p. Determine g(4).
2
Let s = -24 + 22. Let d(l) = -l**3 - 3*l**2 - l. Determine d(s).
-2
Suppose -5*p + 1 = -4*p. Let c(j) = 6*j + 1. Determine c(p).
7
Let n(o) = -2*o - 3. Let w be n(-2). Let v(x) = x**2 - x + 1. What is v(w)?
1
Let j(r) = -r - 1. Let p(y) = 7*y + 3. Let f(c) = 6*j(c) + p(c). Suppose 0*g = -2*g + 24. Suppose -3*q = q - g. Determine f(q).
0
Let l(z) = -z**3 - 8*z**2 - 9*z - 11. Let n be l(-7). Let g(p) = p - p - 11*p**2 + 1 - n*p**2. Determine g(1).
-13
Let v(h) be the first derivative of -h**2/2 + 2*h + 1. Determine v(7).
-5
Let w(o) = -1. Let p(l) = -l - 4. Let g(f) = p(f) - 3*w(f). Calculate g(-7).
6
Let r = 8 + -6. Let o = 1 + r. Let h(z) = -z**3 + z**2 + 5*z - 2. Give h(o).
-5
Let m(a) = -a**2 - 7*a - 6. Let z(s) = s**2 + 25*s - 4. Let p be z(-25). Determine m(p).
6
Let v(z) = 4*z**2 + 5*z**3 - 5*z + 0*z**3 + 2 - 6*z**3. Determine v(3).
-4
Let z = 2 - 0. Suppose -f + z - 3 = 0. Let m(v) = -2*v**3 + v**2 + v. What is m(f)?
2
Let f(g) = 3*g**2 - g + 11. Let w(k) be the third derivative of k**5/30 - k**4/24 + k**3 - 11*k**2. Let r(p) = -3*f(p) + 5*w(p). Give r(-2).
5
Let v(m) = -m + 4. Let r(w) = w**2 - 18*w - 15. Let h be r(19). Calculate v(h).
0
Let o(f) be the first derivative of 2*f**3/3 + 5*f**2/2 + 2*f + 3. Suppose 0 = -3*l + l - 6. Let k be o(l). Let p(z) = -z**3 + 6*z**2 - 4*z - 4. What is p(k)?
1
Let k(y) = -1 - y**2 + 72*y**3 - 71*y**3 + y**2. Give k(0).
-1
Let a(t) be the third derivative of t**5/30 - t**4/12 + t**3/2 - t**2. Give a(2).
7
Suppose -6 = -2*s + 8. Let i(u) be the second derivative of -u**3/6 + 4*u**2 - 3*u. Calculate i(s).
1
Let d be 0 - 2 - (-13 - 1). Suppose 0 = i - 2*h + 11, -d = 2*h - 5*h. Let l(q) = -7*q - 7. Let n(m) = 6*m + 6. Let p(s) = i*l(s) - 4*n(s). Calculate p(-2).
3
Suppose 3*y + 2*j + 12 + 12 = 0, -2*y - 2*j - 16 = 0. Let x(d) = d**3 + 9*d**2 + 5*d - 11. What is x(y)?
13
Let z(d) = d - 5. Let l be (-1)/(-2)*2 + -1. Give z(l).
-5
Let a(m) = 3*m + 2. Let i be a(-2). Let t(v) be the third derivative of 1/6*v**3 - 2*v**2 + 1/30*v**5 + 1/4*v**4 + 0 + 0*v. Determine t(i).
9
Let v(k) be the third derivative of -k**4/12 - 2*k**3/3 + 3*k**2. Let b = -15 - -35. Suppose 0 = -2*t - 3*t - b. Determine v(t).
4
Let m = 11 + -7. Let s = m - 0. Suppose -8 = s*x - 2*x. Let u(d) = -2*d - 1. What is u(x)?
7
Let o be -1*3*(0 + -1). Let w(h) = -2*h**3. Let t(s) = 3*s**3 + 3*s**2 - s + 4. Let p(m) = -t(m) - 2*w(m). Calculate p(o).
-1
Let c(a) = -9*a**3 - 12*a**2 - 2*a + 4. Let q(u) = 5*u**3 + 6*u**2 + u - 2. Let g(n) = 6*c(n) + 11*q(n). What is g(6)?
-4
Let n(t) = 3*t**2 + 6. Let y(k) = 8*k**2 + k + 17. Let d(u) = 11*n(u) - 4*y(u). Let m be d(5). Let x(s) = 6*s + m + 3 - 2 + s**2. Give x(-5).
-1
Let s(h) = -6*h + 5*h**2 + 2*h - 3*h**2. Let p be s(3). Let y(t) = -t**2 + 6*t + 4. Give y(p).
4
Let l(s) = s. Let q(h) = h - 3. Let x(t) = -6*l(t) + 3*q(t). Suppose -u + 2*u = -6. Determine x(u